
2
-3 + (0 - -7) + 1 + -1
4
Evaluate 2 - 17 - (-13 + 6).
-8
What is the value of -7 + (-2 - -7) - 1?
-3
What is the value of -106 + 106 - ((-2 - 0) + 5)?
-3
16 + -21 + 4 + -5
-6
Calculate -14 + 12 + (2 + 1 - -1).
2
Calculate (1 - (-10 + 4)) + -3.
4
What is the value of 2 + -2 - (-6 + (5 - -1))?
0
Calculate (-2 - 1 - -3) + (0 - -4).
4
Evaluate -28 + 18 + 4 + -3.
-9
What is the value of 3 + -5 + 4 + 2?
4
Evaluate -4 - (-4 + (0 - (1 + -2))).
-1
What is the value of (6 - (8 - 5)) + -6 + -1?
-4
(7 - (0 - -1)) + (-2 - -4)
8
Evaluate (1 - -3) + 0 + -4 - 2.
-2
Evaluate (0 - (-6 + 5)) + -2.
-1
-17 + 7 + 1 - 1
-10
What is the value of 8 - (-6 + 5 - -6)?
3
-1 + (4 + -3 + 9 - 4)
5
What is the value of -10 - (8 + -19 + 6)?
-5
Calculate 2 + 2 - (6 - 10 - -5).
3
Evaluate -4 + 7 - ((7 - -1) + -1).
-4
-2 + (-6 - 2 - (-13 + -8))
11
Calculate 2 + 2 + -12 + (-6 - -16).
2
What is the value of -1 - ((4 - 15) + 6)?
4
Calculate 1 - (-8 + 2 - -10).
-3
What is (8 - (2 + 0)) + -3?
3
Calculate (0 - -5) + (-119 - -108).
-6
What is -1 + (-11 - -11) + 2?
1
Calculate -14 + 18 + (0 + 2 - 1).
5
What is 0 + 6 - ((5 - 10) + 8)?
3
Calculate (-5 - (-4 + -1)) + -6 + 5.
-1
Evaluate (-6 - 2) + 8 + 5.
5
(2 + 6 - 14) + 9
3
1 + -7 + 8 + -4
-2
What is the value of 0 - 3 - -5 - 3?
-1
What is (3 - -7) + -21 - -9?
-2
Calculate (-3 - 0 - -4) + (-8 - -7).
0
What is 12 + (-3 - 5) + 1 + 1?
6
What is the value of -24 - -27 - (5 - (0 + 1))?
-1
5 + 4 + -8 + 1
2
-6 - -9 - (5 + 1)
-3
Calculate -5 - (15 + -7 + -7).
-6
What is the value of 1 + 2 + 1 - 3?
1
Evaluate 3 + -4 + -3 + 0.
-4
Evaluate (-12 - 0) + (-2 - -11).
-3
What is the value of 0 - (4 + 1 + 1 + -3)?
-3
Evaluate 3 + (2 - 0) - 9.
-4
-82 - -77 - (6 + -1 + -1)
-9
(9 - 6) + -4 - (2 - 1)
-2
What is 1 - 5 - (2 - (2 - -8))?
4
What is the value of -1 + -3 + 4 + 15 + -10?
5
Evaluate 2 + (-4 + 5 - (5 - 0)).
-2
What is 5 + (0 - 6) - 1?
-2
Evaluate -11 + 0 - (31 - 38).
-4
5 + -7 + (10 - 8)
0
Evaluate (0 - 11) + -5 + 12 + -1.
-5
What is -1 - (-4 + 1 - -2) - 4?
-4
What is the value of 14 + (-7 - (-3 - (4 - 7)))?
7
Evaluate 6 + -1 + -8 + 10.
7
What is 0 + (-9 - (-2 - 3) - -9)?
5
15 - 4 - 3 - 9
-1
What is (-1 - (-3 + 5)) + 0?
-3
(-26 - -23) + -1 + 1 + 2
-1
Evaluate -2 - (1 + -7) - (-10 - -13).
1
4 - (-1 - (-3 - -5 - 1))
6
What is the value of 4 + -4 - (0 + -2)?
2
Calculate (0 - ((0 - -3) + -7)) + -2.
2
Evaluate -1 + (3 - (1 - (-2 - 2))).
-3
Calculate (-18 - -22) + (-1 - -3 - 2).
4
0 - (-4 - 3) - 5
2
Calculate 2 + (3 + -4 - -1) - 0.
2
Calculate 11 + (-5 + 14 - 22).
-2
What is the value of 2 + -2 + 2 + 10 + -16?
-4
What is the value of (2 - 1) + 3 + -1?
3
Calculate -1 - (-1 - (-3 + 0)).
-3
What is the value of -13 - (-3 - (-2 - -11))?
-1
Evaluate (34 - 31) + 0 + 1.
4
Evaluate 9 + -3 + (4 - (-5 + 9)).
6
What is (6 - 6 - 2) + 7?
5
What is the value of -6 + (-6 - -12) + -3?
-3
What is the value of -1 - -5 - (12 - 11)?
3
Evaluate 9 - 5 - (-2 - 0).
6
Evaluate -2 + (2 - -5 - 5).
0
What is the value of 14 - 1 - (8 - 4)?
9
Calculate 3 + (-2 - (7 - 6)) + -2.
-2
32 + -22 + -3 + -6
1
Evaluate 4 + (1 - 7 - -2).
0
What is 7 - (8 + -12 + 13)?
-2
What is -3 + (21 - 18) + -4 + 1?
-3
-15 - (-4 - 3) - (1 + -18)
9
Evaluate (4 - (1 - 0)) + 5.
8
Calculate 2 + -3 + -1 - (1 - 6).
3
What is 5 - (-1 - -15 - (5 - -2))?
-2
1 + (5 - 10 - -10)
6
Calculate 15 - 5 - 5 - 8.
-3
Calculate -2 - (-2 + -2) - (2 + 2).
-2
Evaluate -3 - ((-1 - -6) + (-29 - -14)).
7
Calculate 0 + 6 - (0 - (0 + 0)).
6
Calculate 0 - (2 + -11 - 0).
9
What is the value of (5 - 1 - (3 - 1)) + -2?
0
What is the value of 7 - (2 + (6 - -3)) - 6?
-10
What is the value of -6 + -2 + 3 - (-111 + 106)?
0
6 + (-3 - (6 - 1))
-2
Evaluate -3 + -1 + (8 - (2 - -3)).
-1
What is the value of -3 - (13 + -5 - 15)?
4
Evaluate 3 - 1 - (8 - 10).
4
Evaluate 0 + 14 - ((24 - 25) + 6).
9
Calculate 2 + -3 + -2 - (3 + 0).
-6
2 + (2 - (1 + 4)) - 4
-5
Evaluate 13 - (5 + (4 - 16) + 12).
8
What is the value of -6 + 5 + -3 + 0 + 13?
9
What is -1 + -3 + 5 + 1 + 1?
3
What is (3 + 1 - -2) + -11?
-5
2 + -2 + 2 + -2 + -4
-4
Calculate (-4 - 3) + 1 + 4 - 4.
-6
What is (2 - 1) + 12 + -6 - 7?
0
What is the value of -51 - -63 - (1 - -3)?
8
4 + -1 - (-19 + 21)
1
Evaluate -6 + (6 - (8 - 6)).
-2
2 - 5 - 3 - (3 - 4)
-5
What is 10 + -6 + 7 + -8?
3
Calculate (-4 - (-1 - -1)) + 0.
-4
Calculate 2 - (3 - 0) - -3.
2
What is 3 - (0 + (-1 - -4))?
0
What is 1 + (0 - 5 - -2) + -3?
-5
What is the value of -9 - -9 - (1 + -5)?
4
Calculate (6 - 2 - 2) + 0.
2
What is 15 - 6 - (4 + 1)?
4
Calculate -1 - (-2 - -6 - 1).
-4
Calculate 0 + -1 - (15 - (6 - -8)).
-2
Evaluate (-1 - 1) + (6 + -5 - -2).
1
Evaluate 7 + -3 + (3 - (-3 - -5)).
5
What is 1 + -4 - (-2 - 2)?
1
Calculate 3 + 0 - (4 + -3 + 1).
1
Calculate -5 + 4 - (10 + -12).
1
Calculate (2 - -2) + -10 - (1 - 5).
-2
What is the value of 3 + 0 - ((3 - 3) + 0)?
3
What is the value of 0 + (1 - -2) - (-7 - -8)?
2
Calculate 7 + -4 + 1 - (5 + -3).
2
12 + (-7 - 14) + (-2 - -1)
-10
What is the value of (-2 - 0) + -2 - (2 - -1)?
-7
Calculate (1 - 3) + 2 + 43 + -43.
0
Evaluate (3 - (-3 - -7)) + 1.
0
What is the value of 0 - -3 - ((1 - 2) + 8)?
-4
What is the value of -7 - (0 - (3 + 3))?
-1
13 + -8 - (-5 + (-3 - -13))
0
Calculate (8 - 10) + 5 + -8.
-5
Calculate (-3 + 1 - -3) + (-2 - 2).
-3
-3 + (-1 - -2) - -1
-1
Evaluate -1 + -3 - (-22 - -21).
-3
What is -6 - (4 + -7 - 8)?
5
Evaluate (4 + -4 - (0 - 2)) + 3.
5
Calculate -7 + -6 + 15 - 7.
-5
Evaluate (4 - (7 + 5)) + 16.
8
Evaluate -5 + (11 - -3) - 12.
-3
Calculate 2 - (-5 - 2 - -10).
-1
Evaluate 0 + -1 + 1 + 4.
4
-4 - -5 - (2 - -2)
-3
Evaluate -9 - (-6 + 1 + -9).
5
-4 + -2 + -1 - -6
-1
Calculate (10 - 20) + 5 + (-2 - -1).
-6
What is the value of 3 - ((-9 - -2) + (-15 - -14))?
11
(-2 - (2 + 0)) + 7 + -1
2
-16 + 4 + (-19 - -27)
-4
What is the value of 10 + (3 - (5 + -5 + 7))?
6
What is -1 - -3 - (-2 - -10 - 1)?
-5
What is the value of 0 + 2 + (14 - 14)?
2
What is (-11 - 1 - (0 - 6)) + 0?
-6
1 + (6 - 4 - (-3 + 1))
5
Evaluate 6 - 4 - 3 - -1.
0
What is the value of -62 + 52 + 4 + 0?
-6
7 + 3 + -6 - 2
2
Evaluate (5 - 0 - -4) + -4.
5
Evaluate 150 + -160 + -1 + 14.
3
Calculate (0 - (-5 + 3)) + 3.
5
What is 11 + (5 - 2 - 5)?
9
What is the value of 3 - (4 + (-1 - -1))?
-1
Evaluate 0 + (3 - (1 - 1)).
3
What is the value of -14 + -2 + 11 + 0?
-5
Calculate (-20 - (-23 + -4)) + (0 - 8).
-1
Evaluate 9 - (6 - 1) - (2 + 5).
-3
Calculate -5 + 9 + -6 + 2 + -1.
-1
What is the value of (-3 + 1 - 1) + 6?
3
-2 + -4 - -7 - -5
6
Evaluate -4 + -5 + 3 + -3 + 5.
-4
What is -4 + (-9 - (7 + -15))?
-5
What is the value of -12 + (6 + -15 - -26)?
5
What is the value of 5 + 1 - (-4 + 5) - 2?
3
Evaluate -7 - ((-15 - -7) + 7).
-6
What is the value of 15 - (11 + -25 + 22)?
7
-1 + (1 + -7 - (34 - 49))
8
What is -3 - -8 - (1 + (4 - 4))?
4
What is the value of (2 - 0) + (0 - -2) + -7?
-3
What is 6 - 3 - (6 + -4)?
1
(2 - 1 - -1) + 1
3
What is -1 + 6 + -22 + 19 - 1?
1
What is the value of 6 + -18 + 3 - (-5 + 0)?
-4
Evaluate (-3 - 0) + (0 - 2).
-5
Calculate -6 + 3 - (1 + -4).
0
What is the value of -11 + 1 + 4 - (0 - 3)?
-3
Evaluate (1 - 7) + -5 + (11 - -7).
7
What is the value of -17 - -17 - (3 - 0)?
-3
3 + (2 - (0 + -1 - -4))
2
Evaluate -3 + 1 - (-11 + 3 + 6).
0
What is the value of -5 + -4 + 3 + 5 - 1?
-2
Evaluate -7 - (8 + -7 + 4 + -4).
-8
Evaluate 3 - (-5 - (-8 + 5)) - 5.
0
What is the value of -4 - (6 - (15 - (0 - -6)))?
-1
Calculate (-1 - -3) + (6 - (-2 - -3)).
7
What is the value of (-2 - (-3 + 2) - 1) + -4?
-6
Calculate -3 + -10 + 21 - -1.
9
Calculate -7 + (-8 - -10) + (3 - 1).
-3
-3 + -5 + 4 + (2 - 1)
-3
What is -6 + (-5 - -5) - (-8 - -10)?
-8
Evaluate -3 + (-2 - 0) - (5 + -8).
-2
Calculate 42 + -41 + (6 - -3) + -2.
8
-7 + (24 - (-4 + 15))
6
What is (-3 - 1) + 13 - 6?
3
What is -1 - (4 + -5 - -5)?
-5
What is the value of (-21 - -25) + 5 + 0?
9
What is 0 + 1 + 0 + (137 - 138)?
0
Calculate (0 - (-5 + 6)) + 4.
3
What is the value of 6 + (8 - 5) - 10?
-1
6 + -4 + (3 - 0)
5
Calculate -4 + -15 + 8 - -9.
-2
What is the value of 5 - 16 - (4 - 10)?
-5
Evaluate (-7 + 7 - 1) + 6 + 4.
9
Evaluate 3 + 3 + (-5 - 1) + 5.
5
What is the value of 6 - (-9 - -21) - -8?
2
Evaluate (-6 + 9 - 2) + 4.
5
What is the value of 4 + 3 + -6 + 2?
3
What is the value of 0 + -2 - (-4 - 1)?
3
What is the value of (-4 - -1 - -4) + 2?
3
Calculate -1 - (1 - (-